{"id":21881,"date":"2019-12-24T10:23:16","date_gmt":"2019-12-24T09:23:16","guid":{"rendered":"http:\/\/www.ciapirrello.it\/?page_id=21881"},"modified":"2022-10-13T09:06:26","modified_gmt":"2022-10-13T07:06:26","slug":"camini-e-stufe","status":"publish","type":"page","link":"https:\/\/ciapirrello.it\/ciapirrello\/camini-e-stufe\/","title":{"rendered":"Camini e Stufe"},"content":{"rendered":"<div class=\"wpb-content-wrapper\"><p>[vc_row row_type=&#8221;row&#8221; use_row_as_full_screen_section=&#8221;no&#8221; type=&#8221;full_width&#8221; text_align=&#8221;left&#8221; background_animation=&#8221;none&#8221; padding_top=&#8221;100&#8243; padding_bottom=&#8221;60&#8243; css_animation=&#8221;&#8221; background_color=&#8221;#ffffff&#8221;][vc_column][vc_row_inner row_type=&#8221;row&#8221; type=&#8221;grid&#8221; use_row_as_full_screen_section_slide=&#8221;no&#8221; text_align=&#8221;left&#8221; css_animation=&#8221;&#8221;][vc_column_inner width=&#8221;1\/2&#8243;][vc_single_image image=&#8221;21932&#8243; img_size=&#8221;full&#8221; qode_css_animation=&#8221;&#8221;][vc_separator type=&#8221;transparent&#8221; border_style=&#8221;&#8221; up=&#8221;40&#8243; down=&#8221;0&#8243;][\/vc_column_inner][vc_column_inner width=&#8221;1\/2&#8243;][vc_column_text]<\/p>\n<h6>Focolari a legna?<\/h6>\n<p>[\/vc_column_text][vc_separator type=&#8221;transparent&#8221; border_style=&#8221;&#8221; up=&#8221;13&#8243; down=&#8221;0&#8243;][vc_column_text]<\/p>\n<h5>Focolari ad aria o Thermo?<\/h5>\n<p>[\/vc_column_text][vc_separator type=&#8221;transparent&#8221; border_style=&#8221;&#8221; up=&#8221;20&#8243; down=&#8221;0&#8243;][vc_column_text]<\/p>\n<div class=\"col-md-12\">\n<div class=\"sk-element-wrapper align-center sk-animate-content animated fadeInDownSmall\" data-animation-type=\"fadeInDownSmall\">\n<div class=\"span8 mtop-30\">\n<p class=\"big\">I caminetti a legna Piazzetta nascono per poter riscaldare a convezione naturale. Diventa per\u00f2 possibile beneficiare di altre modalit\u00e0 di riscaldamento. A ventilazione forzata, installando il sistema di Multifuoco\u00ae e Multifuoco\u00ae System Plus, oppure Thermo per scaldare i termosifoni e anche l\u2019acqua per uso sanitario.Vieni a scoprire il sistema pi\u00f9 adatto a te.<\/p>\n<\/div>\n<p>.<\/p>\n<\/div>\n<\/div>\n<p>[\/vc_column_text][vc_separator type=&#8221;transparent&#8221; border_style=&#8221;&#8221; up=&#8221;35&#8243; down=&#8221;0&#8243;]<a href=\"#\" target=\"_self\"  class=\"qbutton  small\" style=\"\">Gallery<\/a>[vc_separator type=&#8221;transparent&#8221; border_style=&#8221;&#8221; up=&#8221;40&#8243; down=&#8221;0&#8243;][\/vc_column_inner][\/vc_row_inner][\/vc_column][\/vc_row][vc_row row_type=&#8221;row&#8221; use_row_as_full_screen_section=&#8221;no&#8221; type=&#8221;full_width&#8221; text_align=&#8221;left&#8221; background_animation=&#8221;none&#8221; padding_top=&#8221;100&#8243; padding_bottom=&#8221;60&#8243; css_animation=&#8221;&#8221; background_color=&#8221;#f5f5f5&#8243;][vc_column][vc_row_inner row_type=&#8221;row&#8221; type=&#8221;grid&#8221; use_row_as_full_screen_section_slide=&#8221;no&#8221; text_align=&#8221;right&#8221; css_animation=&#8221;&#8221;][vc_column_inner width=&#8221;1\/2&#8243;][vc_column_text]<\/p>\n<h6 style=\"text-align: right;\">Focolari a pellet?<\/h6>\n<p>[\/vc_column_text][vc_separator type=&#8221;transparent&#8221; border_style=&#8221;&#8221; up=&#8221;13&#8243; down=&#8221;0&#8243;][vc_column_text]<\/p>\n<h5 class=\"txt-accent\" style=\"text-align: right;\">Massima libert\u00e0 di progetto<\/h5>\n<p>[\/vc_column_text][vc_separator type=&#8221;transparent&#8221; border_style=&#8221;&#8221; up=&#8221;20&#8243; down=&#8221;0&#8243;][vc_column_text]<\/p>\n<p style=\"text-align: right;\">Il camino a pellet ti offre la magia di un vero caminetto che si pu\u00f2 accendere e spegnere semplicemente premendo un bottone sul telecomando e che riscalda con rendimenti e potenze impensabili per i camini a legna. Il termocamino a pellet \u00e8 un prodotto versatile e che piace sempre di pi\u00f9 per la sua praticit\u00e0 d\u2019uso e per la capacit\u00e0 di adattarsi ad ogni ambiente.<\/p>\n<p>[\/vc_column_text][vc_separator type=&#8221;transparent&#8221; border_style=&#8221;&#8221; up=&#8221;35&#8243; down=&#8221;0&#8243;]<a href=\"#\" target=\"_self\"  class=\"qbutton  small\" style=\"\">GALLERY<\/a>[vc_separator type=&#8221;transparent&#8221; border_style=&#8221;&#8221; up=&#8221;40&#8243; down=&#8221;0&#8243;][\/vc_column_inner][vc_column_inner width=&#8221;1\/2&#8243;][vc_single_image image=&#8221;21934&#8243; img_size=&#8221;full&#8221; alignment=&#8221;right&#8221; qode_css_animation=&#8221;&#8221;][vc_separator type=&#8221;transparent&#8221; border_style=&#8221;&#8221; up=&#8221;40&#8243; down=&#8221;0&#8243;][\/vc_column_inner][\/vc_row_inner][\/vc_column][\/vc_row][vc_row row_type=&#8221;row&#8221; use_row_as_full_screen_section=&#8221;no&#8221; type=&#8221;full_width&#8221; text_align=&#8221;left&#8221; background_animation=&#8221;none&#8221; padding_top=&#8221;100&#8243; padding_bottom=&#8221;60&#8243; css_animation=&#8221;&#8221; background_color=&#8221;#ffffff&#8221;][vc_column][vc_row_inner row_type=&#8221;row&#8221; type=&#8221;grid&#8221; use_row_as_full_screen_section_slide=&#8221;no&#8221; text_align=&#8221;left&#8221; css_animation=&#8221;&#8221;][vc_column_inner width=&#8221;1\/2&#8243;][vc_single_image image=&#8221;21937&#8243; img_size=&#8221;full&#8221; qode_css_animation=&#8221;&#8221;][vc_separator type=&#8221;transparent&#8221; border_style=&#8221;&#8221; up=&#8221;40&#8243; down=&#8221;0&#8243;][\/vc_column_inner][vc_column_inner width=&#8221;1\/2&#8243;][vc_column_text]<\/p>\n<h6>Stufe a legna?<\/h6>\n<p>[\/vc_column_text][vc_separator type=&#8221;transparent&#8221; border_style=&#8221;&#8221; up=&#8221;13&#8243; down=&#8221;0&#8243;][vc_column_text]<\/p>\n<h5>Maiolica artigianale<\/h5>\n<p>[\/vc_column_text][vc_separator type=&#8221;transparent&#8221; border_style=&#8221;&#8221; up=&#8221;20&#8243; down=&#8221;0&#8243;][vc_column_text]Con una splendida visione verticale della fiamma, la stufa Piazzetta esprime il suo massimo fascino nelle ambientazioni in centro stanza. Il rivestimento in Maiolica pu\u00f2 essere Bianco Antico con mensola Nero Opaco o Terra Oriente oppure Bianco Antico con decori a mano e mensola Terra Oriente, Verde e Blu Antico. Bocchetta frontale orientabile.[\/vc_column_text][vc_separator type=&#8221;transparent&#8221; border_style=&#8221;&#8221; up=&#8221;35&#8243; down=&#8221;0&#8243;]<a href=\"#\" target=\"_self\"  class=\"qbutton  small\" style=\"\">GALLERY<\/a>[vc_separator type=&#8221;transparent&#8221; border_style=&#8221;&#8221; up=&#8221;40&#8243; down=&#8221;0&#8243;][\/vc_column_inner][\/vc_row_inner][\/vc_column][\/vc_row][vc_row row_type=&#8221;row&#8221; use_row_as_full_screen_section=&#8221;no&#8221; type=&#8221;full_width&#8221; text_align=&#8221;left&#8221; background_animation=&#8221;none&#8221; padding_top=&#8221;100&#8243; padding_bottom=&#8221;60&#8243; css_animation=&#8221;&#8221;][vc_column][vc_row_inner row_type=&#8221;row&#8221; type=&#8221;grid&#8221; use_row_as_full_screen_section_slide=&#8221;no&#8221; text_align=&#8221;right&#8221; css_animation=&#8221;&#8221;][vc_column_inner width=&#8221;1\/2&#8243;][vc_column_text]<\/p>\n<h6 style=\"text-align: right;\">Stufe a pellet?<\/h6>\n<p>[\/vc_column_text][vc_separator type=&#8221;transparent&#8221; border_style=&#8221;&#8221; up=&#8221;13&#8243; down=&#8221;0&#8243;][vc_column_text]<\/p>\n<h5 style=\"text-align: right;\">Un combustibile economico<\/h5>\n<p>[\/vc_column_text][vc_separator type=&#8221;transparent&#8221; border_style=&#8221;&#8221; up=&#8221;20&#8243; down=&#8221;0&#8243;][vc_column_text]<\/p>\n<p style=\"text-align: right;\">Usare una <strong>Stufa a Pellet<\/strong> \u00e8 economico, perch\u00e9 assicura altissimi rendimenti a fronte di un <strong>costo decisamente inferiore rispetto ai combustibili fossili <\/strong>(costa circa il 25% meno del metano e 2 volte meno del gasolio). Tutte le <strong>stufe a pellet<\/strong> MCZ, inoltre, rientrano nelle agevolazioni fiscali e negli incentivi per il risparmio energetico e le energie rinnovabili e acquistarle diventa ancora pi\u00f9 conveniente.<\/p>\n<p>[\/vc_column_text][vc_separator type=&#8221;transparent&#8221; border_style=&#8221;&#8221; up=&#8221;35&#8243; down=&#8221;0&#8243;]<a href=\"#\" target=\"_self\"  class=\"qbutton  small\" style=\"\">GALLERY<\/a>[vc_separator type=&#8221;transparent&#8221; border_style=&#8221;&#8221; up=&#8221;40&#8243; down=&#8221;0&#8243;][\/vc_column_inner][vc_column_inner width=&#8221;1\/2&#8243;][vc_single_image image=&#8221;21940&#8243; img_size=&#8221;full&#8221; qode_css_animation=&#8221;&#8221;][vc_separator type=&#8221;transparent&#8221; border_style=&#8221;&#8221; up=&#8221;40&#8243; down=&#8221;0&#8243;][\/vc_column_inner][\/vc_row_inner][\/vc_column][\/vc_row][vc_row row_type=&#8221;row&#8221; use_row_as_full_screen_section=&#8221;no&#8221; type=&#8221;full_width&#8221; text_align=&#8221;left&#8221; background_animation=&#8221;none&#8221; padding_top=&#8221;100&#8243; padding_bottom=&#8221;60&#8243; css_animation=&#8221;&#8221; background_color=&#8221;#ffffff&#8221;][vc_column][vc_row_inner row_type=&#8221;row&#8221; type=&#8221;grid&#8221; use_row_as_full_screen_section_slide=&#8221;no&#8221; text_align=&#8221;left&#8221; css_animation=&#8221;&#8221;][vc_column_inner width=&#8221;1\/2&#8243;][vc_single_image image=&#8221;21946&#8243; img_size=&#8221;full&#8221; qode_css_animation=&#8221;&#8221;][vc_separator type=&#8221;transparent&#8221; border_style=&#8221;&#8221; up=&#8221;40&#8243; down=&#8221;0&#8243;][\/vc_column_inner][vc_column_inner width=&#8221;1\/2&#8243;][vc_column_text]<\/p>\n<h6>Gas o bioetanolo?<\/h6>\n<p>[\/vc_column_text][vc_separator type=&#8221;transparent&#8221; border_style=&#8221;&#8221; up=&#8221;13&#8243; down=&#8221;0&#8243;][vc_column_text]<\/p>\n<h5>Scelta pratica<\/h5>\n<p>[\/vc_column_text][vc_separator type=&#8221;transparent&#8221; border_style=&#8221;&#8221; up=&#8221;20&#8243; down=&#8221;0&#8243;][vc_column_text]Le stufe a gas rappresentano una soluzione pratica. Non richiedono infatti particolari interventi di manutenzione e pulizia per il semplice fatto che non generano residui e ceneri.<br \/>\nAdatte soprattutto per chi cerca una soluzione di riscaldamento pratica e programmabile, facile e di uso immediato.[\/vc_column_text][vc_separator type=&#8221;transparent&#8221; border_style=&#8221;&#8221; up=&#8221;35&#8243; down=&#8221;0&#8243;]<a href=\"#\" target=\"_self\"  class=\"qbutton  small\" style=\"\">GALLERY<\/a>[vc_separator type=&#8221;transparent&#8221; border_style=&#8221;&#8221; up=&#8221;40&#8243; down=&#8221;0&#8243;][\/vc_column_inner][\/vc_row_inner][\/vc_column][\/vc_row][vc_row row_type=&#8221;row&#8221; use_row_as_full_screen_section=&#8221;no&#8221; type=&#8221;grid&#8221; text_align=&#8221;left&#8221; background_animation=&#8221;none&#8221; css_animation=&#8221;&#8221; background_color=&#8221;#ffffff&#8221;][vc_column]<div class='qode_carousels_holder clearfix hover_second_image'><div class='qode_carousels '  data-number_of_items = 5><ul class='slides'><li class='item'><div class=\"carousel_item_holder\"><a href='#' target='_self'><span class='first_image_holder has_hover_image'><img data-recalc-dims=\"1\" src=\"https:\/\/i0.wp.com\/ciapirrello.it\/ciapirrello\/wp-content\/uploads\/2019\/12\/Antonio-Lupi.png?w=1060&#038;ssl=1\" alt='Antonio Lupi'><\/span><span class='second_image_holder has_hover_image'><img data-recalc-dims=\"1\" src=\"https:\/\/i0.wp.com\/ciapirrello.it\/ciapirrello\/wp-content\/uploads\/2019\/12\/Antonio-Lupi.png?w=1060&#038;ssl=1\" alt='Antonio Lupi'><\/span><\/a><\/div><\/li><li class='item'><div class=\"carousel_item_holder\"><a href='#' target='_self'><span class='first_image_holder has_hover_image'><img data-recalc-dims=\"1\" src=\"https:\/\/i0.wp.com\/ciapirrello.it\/ciapirrello\/wp-content\/uploads\/2019\/12\/piazzetta-Logo-1.png?w=1060&#038;ssl=1\" alt='Piazzetta'><\/span><span class='second_image_holder has_hover_image'><img data-recalc-dims=\"1\" src=\"https:\/\/i0.wp.com\/ciapirrello.it\/ciapirrello\/wp-content\/uploads\/2019\/12\/piazzetta-Logo-1.png?w=1060&#038;ssl=1\" alt='Piazzetta'><\/span><\/a><\/div><\/li><li class='item'><div class=\"carousel_item_holder\"><span class='first_image_holder has_hover_image'><img data-recalc-dims=\"1\" src=\"https:\/\/i0.wp.com\/ciapirrello.it\/ciapirrello\/wp-content\/uploads\/2019\/12\/mcz.png?w=1060&#038;ssl=1\" alt='MCZ'><\/span><span class='second_image_holder has_hover_image'><img data-recalc-dims=\"1\" src=\"https:\/\/i0.wp.com\/ciapirrello.it\/ciapirrello\/wp-content\/uploads\/2019\/12\/mcz.png?w=1060&#038;ssl=1\" alt='MCZ'><\/span><\/div><\/li><li class='item'><div class=\"carousel_item_holder\"><span class='first_image_holder has_hover_image'><img data-recalc-dims=\"1\" src=\"https:\/\/i0.wp.com\/ciapirrello.it\/ciapirrello\/wp-content\/uploads\/2019\/12\/carinci.png?w=1060&#038;ssl=1\" alt='Caringi'><\/span><span class='second_image_holder has_hover_image'><img data-recalc-dims=\"1\" src=\"https:\/\/i0.wp.com\/ciapirrello.it\/ciapirrello\/wp-content\/uploads\/2019\/12\/carinci.png?w=1060&#038;ssl=1\" alt='Caringi'><\/span><\/div><\/li><li class='item'><div class=\"carousel_item_holder\"><span class='first_image_holder has_hover_image'><img data-recalc-dims=\"1\" src=\"https:\/\/i0.wp.com\/ciapirrello.it\/ciapirrello\/wp-content\/uploads\/2019\/12\/vulcano.png?w=1060&#038;ssl=1\" alt='Vulcano'><\/span><span class='second_image_holder has_hover_image'><img data-recalc-dims=\"1\" src=\"https:\/\/i0.wp.com\/ciapirrello.it\/ciapirrello\/wp-content\/uploads\/2019\/12\/vulcano.png?w=1060&#038;ssl=1\" alt='Vulcano'><\/span><\/div><\/li><li class='item'><div class=\"carousel_item_holder\"><span class='first_image_holder has_hover_image'><img data-recalc-dims=\"1\" src=\"https:\/\/i0.wp.com\/ciapirrello.it\/ciapirrello\/wp-content\/uploads\/2019\/12\/sergioleoni.png?w=1060&#038;ssl=1\" alt='Segio Leoni'><\/span><span class='second_image_holder has_hover_image'><img data-recalc-dims=\"1\" src=\"https:\/\/i0.wp.com\/ciapirrello.it\/ciapirrello\/wp-content\/uploads\/2019\/12\/sergioleoni.png?w=1060&#038;ssl=1\" alt='Segio Leoni'><\/span><\/div><\/li><\/ul><\/div><\/div>[\/vc_column][\/vc_row]<\/p>\n<\/div>","protected":false},"excerpt":{"rendered":"<p>[vc_row row_type=&#8221;row&#8221; use_row_as_full_screen_section=&#8221;no&#8221; type=&#8221;full_width&#8221; text_align=&#8221;left&#8221; background_animation=&#8221;none&#8221; padding_top=&#8221;100&#8243; padding_bottom=&#8221;60&#8243; css_animation=&#8221;&#8221; background_color=&#8221;#ffffff&#8221;][vc_column][vc_row_inner row_type=&#8221;row&#8221; type=&#8221;grid&#8221; use_row_as_full_screen_section_slide=&#8221;no&#8221; text_align=&#8221;left&#8221; css_animation=&#8221;&#8221;][vc_column_inner width=&#8221;1\/2&#8243;][vc_single_image image=&#8221;21932&#8243; img_size=&#8221;full&#8221; qode_css_animation=&#8221;&#8221;][vc_separator type=&#8221;transparent&#8221; border_style=&#8221;&#8221; up=&#8221;40&#8243; down=&#8221;0&#8243;][\/vc_column_inner][vc_column_inner width=&#8221;1\/2&#8243;][vc_column_text] Focolari a legna? [\/vc_column_text][vc_separator type=&#8221;transparent&#8221; border_style=&#8221;&#8221; up=&#8221;13&#8243; down=&#8221;0&#8243;][vc_column_text] Focolari ad aria o Thermo? [\/vc_column_text][vc_separator type=&#8221;transparent&#8221; border_style=&#8221;&#8221; up=&#8221;20&#8243; down=&#8221;0&#8243;][vc_column_text] I caminetti a&#8230;<\/p>\n","protected":false},"author":1,"featured_media":0,"parent":0,"menu_order":0,"comment_status":"open","ping_status":"open","template":"full_width.php","meta":{"footnotes":""},"class_list":["post-21881","page","type-page","status-publish","hentry"],"yoast_head":"<!-- This site is optimized with the Yoast SEO plugin v27.5 - https:\/\/yoast.com\/product\/yoast-seo-wordpress\/ -->\n<title>Camini e Stufe - Cia Pirrello<\/title>\n<meta name=\"robots\" content=\"index, follow, max-snippet:-1, max-image-preview:large, max-video-preview:-1\" \/>\n<link rel=\"canonical\" href=\"https:\/\/ciapirrello.it\/ciapirrello\/camini-e-stufe\/\" \/>\n<meta property=\"og:locale\" content=\"it_IT\" \/>\n<meta property=\"og:type\" content=\"article\" \/>\n<meta property=\"og:title\" content=\"Camini e Stufe - Cia Pirrello\" \/>\n<meta property=\"og:description\" content=\"[vc_row row_type=&#8221;row&#8221; use_row_as_full_screen_section=&#8221;no&#8221; type=&#8221;full_width&#8221; text_align=&#8221;left&#8221; background_animation=&#8221;none&#8221; padding_top=&#8221;100&#8243; padding_bottom=&#8221;60&#8243; css_animation=&#8221;&#8221; background_color=&#8221;#ffffff&#8221;][vc_column][vc_row_inner row_type=&#8221;row&#8221; type=&#8221;grid&#8221; use_row_as_full_screen_section_slide=&#8221;no&#8221; text_align=&#8221;left&#8221; css_animation=&#8221;&#8221;][vc_column_inner width=&#8221;1\/2&#8243;][vc_single_image image=&#8221;21932&#8243; img_size=&#8221;full&#8221; qode_css_animation=&#8221;&#8221;][vc_separator type=&#8221;transparent&#8221; border_style=&#8221;&#8221; up=&#8221;40&#8243; down=&#8221;0&#8243;][\/vc_column_inner][vc_column_inner width=&#8221;1\/2&#8243;][vc_column_text] Focolari a legna? [\/vc_column_text][vc_separator type=&#8221;transparent&#8221; border_style=&#8221;&#8221; up=&#8221;13&#8243; down=&#8221;0&#8243;][vc_column_text] Focolari ad aria o Thermo? [\/vc_column_text][vc_separator type=&#8221;transparent&#8221; border_style=&#8221;&#8221; up=&#8221;20&#8243; down=&#8221;0&#8243;][vc_column_text] I caminetti a...\" \/>\n<meta property=\"og:url\" content=\"https:\/\/ciapirrello.it\/ciapirrello\/camini-e-stufe\/\" \/>\n<meta property=\"og:site_name\" content=\"Cia Pirrello\" \/>\n<meta property=\"article:publisher\" content=\"https:\/\/www.facebook.com\/ciapirrello\" \/>\n<meta property=\"article:modified_time\" content=\"2022-10-13T07:06:26+00:00\" \/>\n<meta name=\"twitter:card\" content=\"summary_large_image\" \/>\n<meta name=\"twitter:label1\" content=\"Tempo di lettura stimato\" \/>\n\t<meta name=\"twitter:data1\" content=\"3 minuti\" \/>\n<!-- \/ Yoast SEO plugin. -->","yoast_head_json":{"title":"Camini e Stufe - Cia Pirrello","robots":{"index":"index","follow":"follow","max-snippet":"max-snippet:-1","max-image-preview":"max-image-preview:large","max-video-preview":"max-video-preview:-1"},"canonical":"https:\/\/ciapirrello.it\/ciapirrello\/camini-e-stufe\/","og_locale":"it_IT","og_type":"article","og_title":"Camini e Stufe - Cia Pirrello","og_description":"[vc_row row_type=&#8221;row&#8221; use_row_as_full_screen_section=&#8221;no&#8221; type=&#8221;full_width&#8221; text_align=&#8221;left&#8221; background_animation=&#8221;none&#8221; padding_top=&#8221;100&#8243; padding_bottom=&#8221;60&#8243; css_animation=&#8221;&#8221; background_color=&#8221;#ffffff&#8221;][vc_column][vc_row_inner row_type=&#8221;row&#8221; type=&#8221;grid&#8221; use_row_as_full_screen_section_slide=&#8221;no&#8221; text_align=&#8221;left&#8221; css_animation=&#8221;&#8221;][vc_column_inner width=&#8221;1\/2&#8243;][vc_single_image image=&#8221;21932&#8243; img_size=&#8221;full&#8221; qode_css_animation=&#8221;&#8221;][vc_separator type=&#8221;transparent&#8221; border_style=&#8221;&#8221; up=&#8221;40&#8243; down=&#8221;0&#8243;][\/vc_column_inner][vc_column_inner width=&#8221;1\/2&#8243;][vc_column_text] Focolari a legna? [\/vc_column_text][vc_separator type=&#8221;transparent&#8221; border_style=&#8221;&#8221; up=&#8221;13&#8243; down=&#8221;0&#8243;][vc_column_text] Focolari ad aria o Thermo? [\/vc_column_text][vc_separator type=&#8221;transparent&#8221; border_style=&#8221;&#8221; up=&#8221;20&#8243; down=&#8221;0&#8243;][vc_column_text] I caminetti a...","og_url":"https:\/\/ciapirrello.it\/ciapirrello\/camini-e-stufe\/","og_site_name":"Cia Pirrello","article_publisher":"https:\/\/www.facebook.com\/ciapirrello","article_modified_time":"2022-10-13T07:06:26+00:00","twitter_card":"summary_large_image","twitter_misc":{"Tempo di lettura stimato":"3 minuti"},"schema":{"@context":"https:\/\/schema.org","@graph":[{"@type":"WebPage","@id":"https:\/\/ciapirrello.it\/ciapirrello\/camini-e-stufe\/","url":"https:\/\/ciapirrello.it\/ciapirrello\/camini-e-stufe\/","name":"Camini e Stufe - Cia Pirrello","isPartOf":{"@id":"https:\/\/ciapirrello.it\/ciapirrello\/#website"},"datePublished":"2019-12-24T09:23:16+00:00","dateModified":"2022-10-13T07:06:26+00:00","breadcrumb":{"@id":"https:\/\/ciapirrello.it\/ciapirrello\/camini-e-stufe\/#breadcrumb"},"inLanguage":"it-IT","potentialAction":[{"@type":"ReadAction","target":["https:\/\/ciapirrello.it\/ciapirrello\/camini-e-stufe\/"]}]},{"@type":"BreadcrumbList","@id":"https:\/\/ciapirrello.it\/ciapirrello\/camini-e-stufe\/#breadcrumb","itemListElement":[{"@type":"ListItem","position":1,"name":"Home","item":"https:\/\/ciapirrello.it\/ciapirrello\/"},{"@type":"ListItem","position":2,"name":"Camini e Stufe"}]},{"@type":"WebSite","@id":"https:\/\/ciapirrello.it\/ciapirrello\/#website","url":"https:\/\/ciapirrello.it\/ciapirrello\/","name":"Cia Pirrello","description":"L&#039;evolzione dell&#039;ambiente","potentialAction":[{"@type":"SearchAction","target":{"@type":"EntryPoint","urlTemplate":"https:\/\/ciapirrello.it\/ciapirrello\/?s={search_term_string}"},"query-input":{"@type":"PropertyValueSpecification","valueRequired":true,"valueName":"search_term_string"}}],"inLanguage":"it-IT"}]}},"jetpack-related-posts":[],"jetpack_sharing_enabled":true,"_links":{"self":[{"href":"https:\/\/ciapirrello.it\/ciapirrello\/wp-json\/wp\/v2\/pages\/21881","targetHints":{"allow":["GET"]}}],"collection":[{"href":"https:\/\/ciapirrello.it\/ciapirrello\/wp-json\/wp\/v2\/pages"}],"about":[{"href":"https:\/\/ciapirrello.it\/ciapirrello\/wp-json\/wp\/v2\/types\/page"}],"author":[{"embeddable":true,"href":"https:\/\/ciapirrello.it\/ciapirrello\/wp-json\/wp\/v2\/users\/1"}],"replies":[{"embeddable":true,"href":"https:\/\/ciapirrello.it\/ciapirrello\/wp-json\/wp\/v2\/comments?post=21881"}],"version-history":[{"count":18,"href":"https:\/\/ciapirrello.it\/ciapirrello\/wp-json\/wp\/v2\/pages\/21881\/revisions"}],"predecessor-version":[{"id":22367,"href":"https:\/\/ciapirrello.it\/ciapirrello\/wp-json\/wp\/v2\/pages\/21881\/revisions\/22367"}],"wp:attachment":[{"href":"https:\/\/ciapirrello.it\/ciapirrello\/wp-json\/wp\/v2\/media?parent=21881"}],"curies":[{"name":"wp","href":"https:\/\/api.w.org\/{rel}","templated":true}]}}