{"id":22269,"date":"2020-01-04T08:43:06","date_gmt":"2020-01-04T07:43:06","guid":{"rendered":"http:\/\/www.ciapirrello.it\/?page_id=22269"},"modified":"2026-03-11T12:29:35","modified_gmt":"2026-03-11T11:29:35","slug":"finestre-e-portoni-finstral","status":"publish","type":"page","link":"https:\/\/ciapirrello.it\/ciapirrello\/finestre-e-portoni-finstral\/","title":{"rendered":"Finestre e Portoni"},"content":{"rendered":"<div class=\"wpb-content-wrapper\"><p>[vc_row row_type=&#8221;row&#8221; use_row_as_full_screen_section=&#8221;no&#8221; type=&#8221;full_width&#8221; text_align=&#8221;left&#8221; background_animation=&#8221;none&#8221; padding_top=&#8221;100&#8243; padding_bottom=&#8221;60&#8243; css_animation=&#8221;&#8221; background_color=&#8221;#ffffff&#8221;][vc_column][vc_row_inner row_type=&#8221;row&#8221; type=&#8221;grid&#8221; use_row_as_full_screen_section_slide=&#8221;no&#8221; text_align=&#8221;left&#8221; css_animation=&#8221;&#8221;][vc_column_inner width=&#8221;1\/2&#8243;][vc_single_image image=&#8221;22279&#8243; img_size=&#8221;full&#8221; qode_css_animation=&#8221;&#8221;][vc_separator type=&#8221;transparent&#8221; border_style=&#8221;&#8221; up=&#8221;40&#8243; down=&#8221;0&#8243;][\/vc_column_inner][vc_column_inner width=&#8221;1\/2&#8243;][vc_column_text]<\/p>\n<h6>Finestre in legno e legno\/alluminio?<\/h6>\n<p>[\/vc_column_text][vc_separator type=&#8221;transparent&#8221; border_style=&#8221;&#8221; up=&#8221;13&#8243; down=&#8221;0&#8243;][vc_column_text]<\/p>\n<h5>Pavanello Serramenti<\/h5>\n<p>[\/vc_column_text][vc_separator type=&#8221;transparent&#8221; border_style=&#8221;&#8221; up=&#8221;20&#8243; down=&#8221;0&#8243;][vc_column_text]<\/p>\n<div class=\"col-md-12\">\n<div class=\"sk-element-wrapper align-center sk-animate-content animated fadeInDownSmall\" data-animation-type=\"fadeInDownSmall\">\n<p class=\"heading\"><strong>Pavanello Serramenti<\/strong> si distingue per la <strong>propensione all\u2019innovazione<\/strong> e per una <strong>flessibilit\u00e0 organizzativa<\/strong> che consente di realizzare sempre soluzioni adeguate alle diverse richieste dei clienti: ogni infisso viene progettato per ottenere le <strong>migliori prestazioni<\/strong> in termini di <strong>isolamento termico e acustico<\/strong>, in linea con le normative in materia di <strong>risparmio energetico e salvaguardia ambientale<\/strong>.<\/p>\n<\/div>\n<\/div>\n<p>[\/vc_column_text][vc_separator type=&#8221;transparent&#8221; border_style=&#8221;&#8221; up=&#8221;35&#8243; down=&#8221;0&#8243;]<a href=\"\/portfolio_page\/realizzazione42\/\" target=\"_self\"  class=\"qbutton  small qbutton_with_icon\" style=\"\">Gallery<i class=\"qode_icon_font_awesome fa  button_icon\" style=\"\" ><\/i><\/a>[vc_separator type=&#8221;transparent&#8221; border_style=&#8221;&#8221; up=&#8221;40&#8243; down=&#8221;0&#8243;][\/vc_column_inner][\/vc_row_inner][\/vc_column][\/vc_row][vc_row row_type=&#8221;row&#8221; use_row_as_full_screen_section=&#8221;no&#8221; type=&#8221;full_width&#8221; text_align=&#8221;left&#8221; background_animation=&#8221;none&#8221; padding_top=&#8221;100&#8243; padding_bottom=&#8221;60&#8243; css_animation=&#8221;&#8221; background_color=&#8221;#f5f5f5&#8243;][vc_column][vc_row_inner row_type=&#8221;row&#8221; type=&#8221;grid&#8221; use_row_as_full_screen_section_slide=&#8221;no&#8221; text_align=&#8221;right&#8221; css_animation=&#8221;&#8221;][vc_column_inner width=&#8221;1\/2&#8243;][vc_column_text]<\/p>\n<h6 style=\"text-align: right;\">Finestre in legno?<\/h6>\n<p>[\/vc_column_text][vc_separator type=&#8221;transparent&#8221; border_style=&#8221;&#8221; up=&#8221;13&#8243; down=&#8221;0&#8243;][vc_column_text]<\/p>\n<h5 style=\"text-align: right;\">Pavanello Serramenti<\/h5>\n<p>[\/vc_column_text][vc_separator type=&#8221;transparent&#8221; border_style=&#8221;&#8221; up=&#8221;20&#8243; down=&#8221;0&#8243;][vc_column_text]<strong>Europa 68<\/strong> \u00e8 la pi\u00f9 longeva linea di serramenti ed in assoluto quella che coniuga il miglior rapporto costo\/benefici.<\/p>\n<p>&nbsp;<\/p>\n<p>E\u2019 il prodotto pi\u00f9 flessibile e testato, che \u00e8 possibile arricchire con una serie di soluzioni quali: diverse tipologie di fermavetro, la possibilit\u00e0 di applicare una terza guarnizione, l\u2019applicazione di un listello fermavetro tramite clips avvitate all\u2019interno del serramento, l\u2019eliminazione del gocciolatoio inferiore in alluminio e l\u2019utilizzo di una guarnizione in sostituzione del tradizionale silicone per fissare il vetro al serramento.[\/vc_column_text][vc_separator type=&#8221;transparent&#8221; border_style=&#8221;&#8221; up=&#8221;35&#8243; down=&#8221;0&#8243;]<a href=\"\/portfolio_page\/realizzazione37\/\" target=\"_self\"  class=\"qbutton  small qbutton_with_icon\" style=\"\">GALLERY<i class=\"qode_icon_font_awesome fa  button_icon\" style=\"\" ><\/i><\/a>[vc_separator type=&#8221;transparent&#8221; border_style=&#8221;&#8221; up=&#8221;40&#8243; down=&#8221;0&#8243;][\/vc_column_inner][vc_column_inner width=&#8221;1\/2&#8243;][vc_single_image image=&#8221;23046&#8243; img_size=&#8221;full&#8221; alignment=&#8221;right&#8221; qode_css_animation=&#8221;&#8221;][vc_separator type=&#8221;transparent&#8221; border_style=&#8221;&#8221; up=&#8221;40&#8243; down=&#8221;0&#8243;][\/vc_column_inner][\/vc_row_inner][\/vc_column][\/vc_row][vc_row row_type=&#8221;row&#8221; use_row_as_full_screen_section=&#8221;no&#8221; type=&#8221;full_width&#8221; text_align=&#8221;left&#8221; background_animation=&#8221;none&#8221; padding_top=&#8221;100&#8243; padding_bottom=&#8221;60&#8243; css_animation=&#8221;&#8221; background_color=&#8221;#ffffff&#8221;][vc_column][vc_row_inner row_type=&#8221;row&#8221; type=&#8221;grid&#8221; use_row_as_full_screen_section_slide=&#8221;no&#8221; text_align=&#8221;left&#8221; css_animation=&#8221;&#8221;][vc_column_inner width=&#8221;1\/2&#8243;][vc_single_image image=&#8221;23107&#8243; img_size=&#8221;full&#8221; qode_css_animation=&#8221;&#8221;][vc_separator type=&#8221;transparent&#8221; border_style=&#8221;&#8221; up=&#8221;40&#8243; down=&#8221;0&#8243;][\/vc_column_inner][vc_column_inner width=&#8221;1\/2&#8243;][vc_column_text]<\/p>\n<h6>Finestre in pvc?<\/h6>\n<p>[\/vc_column_text][vc_separator type=&#8221;transparent&#8221; border_style=&#8221;&#8221; up=&#8221;13&#8243; down=&#8221;0&#8243;][vc_column_text]<\/p>\n<h5 class=\"txt-accent\">Finstral<\/h5>\n<p>[\/vc_column_text][vc_separator type=&#8221;transparent&#8221; border_style=&#8221;&#8221; up=&#8221;20&#8243; down=&#8221;0&#8243;][vc_column_text]Quando si pu\u00f2 dire che una finestra \u00e8 perfetta? Per noi la risposta \u00e8 una sola: una finestra \u00e8 davvero perfetta solo quando risponde ai massimi requisiti di funzionalit\u00e0 ed estetica. Senza eccezioni e senza compromessi.[\/vc_column_text][vc_separator type=&#8221;transparent&#8221; border_style=&#8221;&#8221; up=&#8221;35&#8243; down=&#8221;0&#8243;]<a href=\"\/finstral\/\" target=\"_self\"  class=\"qbutton  small qbutton_with_icon\" style=\"\">PER SAPERNE DI PIU'<i class=\"qode_icon_font_awesome fa  button_icon\" style=\"\" ><\/i><\/a>[vc_separator type=&#8221;transparent&#8221; border_style=&#8221;&#8221; up=&#8221;40&#8243; down=&#8221;0&#8243;][\/vc_column_inner][\/vc_row_inner][\/vc_column][\/vc_row][vc_row row_type=&#8221;row&#8221; use_row_as_full_screen_section=&#8221;no&#8221; type=&#8221;full_width&#8221; text_align=&#8221;left&#8221; background_animation=&#8221;none&#8221; padding_top=&#8221;100&#8243; padding_bottom=&#8221;60&#8243; css_animation=&#8221;&#8221; background_color=&#8221;#f5f5f5&#8243;][vc_column][vc_row_inner row_type=&#8221;row&#8221; type=&#8221;grid&#8221; use_row_as_full_screen_section_slide=&#8221;no&#8221; text_align=&#8221;right&#8221; css_animation=&#8221;&#8221;][vc_column_inner width=&#8221;1\/2&#8243;][vc_column_text]<\/p>\n<h6 style=\"text-align: right;\">La finestra modulare?<\/h6>\n<p>[\/vc_column_text][vc_separator type=&#8221;transparent&#8221; border_style=&#8221;&#8221; up=&#8221;13&#8243; down=&#8221;0&#8243;][vc_column_text]<\/p>\n<h5 style=\"text-align: right;\">Finstral<\/h5>\n<p>[\/vc_column_text][vc_separator type=&#8221;transparent&#8221; border_style=&#8221;&#8221; up=&#8221;20&#8243; down=&#8221;0&#8243;][vc_column_text]Grandi superfici vetrate oppure listelli per un\u2019estetica tradizionale? Alluminio, legno massiccio, colori accesi o toni neutri? L\u2019aspetto del serramento svolge un ruolo importante: le finestre infatti contribuiscono a caratterizzare la facciata dell\u2019edificio. Al tempo stesso non fanno entrare ladri, pioggia, freddo, rumore e rendono la nostra casa un luogo accogliente in cui sentirci al sicuro e protetti. Il nostro obiettivo: realizzare finestre perfette, che combinano sempre estetica e funzionalit\u00e0 senza compromessi. Per questo Le offriamo la massima libert\u00e0 di composizione e progettiamo serramenti che garantiscono una protezione sempre affidabile.[\/vc_column_text][vc_separator type=&#8221;transparent&#8221; border_style=&#8221;&#8221; up=&#8221;35&#8243; down=&#8221;0&#8243;]<a href=\"\/finstral\/\" target=\"_self\"  class=\"qbutton  small qbutton_with_icon\" style=\"\">PER SAPERNE DI PIU'<i class=\"qode_icon_font_awesome fa  button_icon\" style=\"\" ><\/i><\/a>[vc_separator type=&#8221;transparent&#8221; border_style=&#8221;&#8221; up=&#8221;40&#8243; down=&#8221;0&#8243;][\/vc_column_inner][vc_column_inner width=&#8221;1\/2&#8243;][vc_single_image image=&#8221;23108&#8243; img_size=&#8221;full&#8221; alignment=&#8221;right&#8221; qode_css_animation=&#8221;&#8221;][vc_separator type=&#8221;transparent&#8221; border_style=&#8221;&#8221; up=&#8221;40&#8243; down=&#8221;0&#8243;][\/vc_column_inner][\/vc_row_inner][\/vc_column][\/vc_row][vc_row row_type=&#8221;row&#8221; use_row_as_full_screen_section=&#8221;no&#8221; type=&#8221;full_width&#8221; text_align=&#8221;left&#8221; background_animation=&#8221;none&#8221; padding_top=&#8221;100&#8243; padding_bottom=&#8221;60&#8243; css_animation=&#8221;&#8221; background_color=&#8221;#ffffff&#8221;][vc_column][vc_row_inner row_type=&#8221;row&#8221; type=&#8221;grid&#8221; use_row_as_full_screen_section_slide=&#8221;no&#8221; text_align=&#8221;left&#8221; css_animation=&#8221;&#8221;][vc_column_inner width=&#8221;1\/2&#8243;][vc_gallery type=&#8221;image_grid&#8221; images=&#8221;23576,23575,23574,23568&#8243; img_size=&#8221;535&#215;535&#8243; css=&#8221;&#8221; column_number=&#8221;2&#8243; grayscale=&#8221;no&#8221; space_between_images=&#8221;no&#8221;][vc_separator type=&#8221;transparent&#8221; border_style=&#8221;&#8221; up=&#8221;40&#8243; down=&#8221;0&#8243;][\/vc_column_inner][vc_column_inner width=&#8221;1\/2&#8243;][vc_column_text css=&#8221;&#8221;]<\/p>\n<h6>Incontra la bellezza.<\/h6>\n<p>[\/vc_column_text][vc_separator type=&#8221;transparent&#8221; border_style=&#8221;&#8221; up=&#8221;13&#8243; down=&#8221;0&#8243;][vc_column_text css=&#8221;&#8221;]<\/p>\n<h5>Trovi la Sua finestra perfetta.<\/h5>\n<p>[\/vc_column_text][vc_separator type=&#8221;transparent&#8221; border_style=&#8221;&#8221; up=&#8221;20&#8243; down=&#8221;0&#8243;][vc_column_text css=&#8221;&#8221;]Alluminio oppure PVC? Un\u2019anta dalle linee tradizionali o un\u2019estetica moderna, completamente vetrata? Ognuno ha un\u2019idea diversa di finestra perfetta. Grazie l\u2019assortimento pi\u00f9 completo d\u2019Europa La aiutiamo a realizzare la finestra giusta per Lei, offrendoLe un\u2019ampia scelta di tipologie di anta, materiali e colori. Finstral Le garantisce sempre la massima libert\u00e0 di composizione. Che cosa hanno in comune le nostre finestre, porte e pareti vetrate? Soddisfano sempre le richieste pi\u00f9 esigenti, che vanno dai profili molto sottili alle massime prestazioni isolanti fino ai vetri basso-emissivi della migliore qualit\u00e0.[\/vc_column_text][vc_separator type=&#8221;transparent&#8221; border_style=&#8221;&#8221; up=&#8221;35&#8243; down=&#8221;0&#8243;]<a href=\"\/finstral\/\" target=\"_self\"  class=\"qbutton  small qbutton_with_icon\" style=\"\">PER SAPERNE DI PIU'<i class=\"qode_icon_font_awesome fa  button_icon\" style=\"\" ><\/i><\/a>[vc_separator type=&#8221;transparent&#8221; border_style=&#8221;&#8221; up=&#8221;40&#8243; down=&#8221;0&#8243;][\/vc_column_inner][\/vc_row_inner][\/vc_column][\/vc_row][vc_row row_type=&#8221;row&#8221; use_row_as_full_screen_section=&#8221;no&#8221; type=&#8221;full_width&#8221; text_align=&#8221;left&#8221; background_animation=&#8221;none&#8221; padding_top=&#8221;100&#8243; padding_bottom=&#8221;60&#8243; css_animation=&#8221;&#8221;][vc_column][vc_row_inner row_type=&#8221;row&#8221; type=&#8221;grid&#8221; use_row_as_full_screen_section_slide=&#8221;no&#8221; text_align=&#8221;right&#8221; css_animation=&#8221;&#8221;][vc_column_inner width=&#8221;1\/2&#8243;][vc_column_text css=&#8221;&#8221;]<\/p>\n<h6 style=\"text-align: right;\">Porte d&#8217;ingresso?<\/h6>\n<p>[\/vc_column_text][vc_separator type=&#8221;transparent&#8221; border_style=&#8221;&#8221; up=&#8221;13&#8243; down=&#8221;0&#8243;][vc_column_text css=&#8221;&#8221;]<\/p>\n<h5 style=\"text-align: right;\">La porta d\u2019ingresso perfetta<\/h5>\n<p>[\/vc_column_text][vc_separator type=&#8221;transparent&#8221; border_style=&#8221;&#8221; up=&#8221;20&#8243; down=&#8221;0&#8243;][vc_column_text css=&#8221;&#8221;]<\/p>\n<div class=\"subheadline t4\"><strong>Sempre personalizzata, funzionale ed estetica.<\/strong><\/div>\n<div class=\"introduction editbox medium1\">Le nostre porte d\u2019ingresso offrono un design perfetto senza compromessi funzionali. Dalle serrature alle forme dei profili, fino ai materiali dell\u2019anta: <strong>Finstral<\/strong> offre sempre un\u2019ampia variet\u00e0 di scelta e la massima libert\u00e0 di personalizzazione per comporre il serramento dei propri sogni. La nostra gamma, infatti, rende possibile quasi ogni combinazione.<\/div>\n<p>[\/vc_column_text][vc_separator type=&#8221;transparent&#8221; border_style=&#8221;&#8221; up=&#8221;35&#8243; down=&#8221;0&#8243;][\/vc_column_inner][vc_column_inner width=&#8221;1\/2&#8243;][vc_gallery interval=&#8221;3&#8243; images=&#8221;23908,23909,23910,23911,23912,23913,23914&#8243; img_size=&#8221;medium&#8221; css=&#8221;&#8221;][vc_separator type=&#8221;transparent&#8221; border_style=&#8221;&#8221; up=&#8221;40&#8243; down=&#8221;0&#8243;][\/vc_column_inner][\/vc_row_inner][\/vc_column][\/vc_row][vc_row row_type=&#8221;row&#8221; use_row_as_full_screen_section=&#8221;no&#8221; type=&#8221;full_width&#8221; text_align=&#8221;left&#8221; background_animation=&#8221;none&#8221; padding_top=&#8221;100&#8243; padding_bottom=&#8221;60&#8243; css_animation=&#8221;&#8221; background_color=&#8221;#ffffff&#8221;][vc_column][vc_row_inner row_type=&#8221;row&#8221; type=&#8221;grid&#8221; use_row_as_full_screen_section_slide=&#8221;no&#8221; text_align=&#8221;left&#8221; css_animation=&#8221;&#8221;][vc_column_inner width=&#8221;1\/2&#8243;][vc_single_image image=&#8221;23078&#8243; img_size=&#8221;full&#8221; qode_css_animation=&#8221;&#8221;][vc_separator type=&#8221;transparent&#8221; border_style=&#8221;&#8221; up=&#8221;40&#8243; down=&#8221;0&#8243;][\/vc_column_inner][vc_column_inner width=&#8221;1\/2&#8243;][vc_column_text]<\/p>\n<h6>Porte per Garage?<\/h6>\n<p>[\/vc_column_text][vc_separator type=&#8221;transparent&#8221; border_style=&#8221;&#8221; up=&#8221;13&#8243; down=&#8221;0&#8243;][vc_column_text]<\/p>\n<h5>Silvelox<strong><br \/>\n<\/strong><\/h5>\n<p>[\/vc_column_text][vc_separator type=&#8221;transparent&#8221; border_style=&#8221;&#8221; up=&#8221;20&#8243; down=&#8221;0&#8243;][vc_column_text]<\/p>\n<div class=\"col-md-3 col-md-offset-0\">Tutte le <strong>porte basculanti Secur<\/strong> di Silvelox sono realizzate su misura in base alle esigenze e richieste del cliente. Ampia gamma di disegni, estetiche, finiture e colori da abbinare con la porta d&#8217;ingresso Silvelox.<\/div>\n<p>[\/vc_column_text][vc_separator type=&#8221;transparent&#8221; border_style=&#8221;&#8221; up=&#8221;35&#8243; down=&#8221;0&#8243;]<a href=\"#\" target=\"_self\"  class=\"qbutton  small qbutton_with_icon\" style=\"\">GALLERY<i class=\"qode_icon_font_awesome fa  button_icon\" style=\"\" ><\/i><\/a>[vc_separator type=&#8221;transparent&#8221; border_style=&#8221;&#8221; up=&#8221;40&#8243; down=&#8221;0&#8243;][\/vc_column_inner][\/vc_row_inner][\/vc_column][\/vc_row][vc_row row_type=&#8221;row&#8221; use_row_as_full_screen_section=&#8221;no&#8221; type=&#8221;grid&#8221; text_align=&#8221;left&#8221; background_animation=&#8221;none&#8221; css_animation=&#8221;&#8221; background_color=&#8221;#ffffff&#8221;][vc_column]<div class='qode_carousels_holder clearfix hover_second_image'><div class='qode_carousels '  data-number_of_items = 5><ul class='slides'><li class='item'><div class=\"carousel_item_holder\"><a href='#' target='_self'><span class='first_image_holder has_hover_image'><img data-recalc-dims=\"1\" src=\"https:\/\/i0.wp.com\/ciapirrello.it\/ciapirrello\/wp-content\/uploads\/2019\/12\/pavanello.png?w=1060&#038;ssl=1\" alt='Pavanello'><\/span><span class='second_image_holder has_hover_image'><img data-recalc-dims=\"1\" src=\"https:\/\/i0.wp.com\/ciapirrello.it\/ciapirrello\/wp-content\/uploads\/2019\/12\/pavanello.png?w=1060&#038;ssl=1\" alt='Pavanello'><\/span><\/a><\/div><\/li><li class='item'><div class=\"carousel_item_holder\"><span class='first_image_holder has_hover_image'><img data-recalc-dims=\"1\" src=\"https:\/\/i0.wp.com\/www.ciapirrello.it\/ciapirrello\/wp-content\/uploads\/2021\/06\/finstralogo2.png?w=1060&#038;ssl=1\" alt='Finstral'><\/span><span class='second_image_holder has_hover_image'><img data-recalc-dims=\"1\" src=\"https:\/\/i0.wp.com\/www.ciapirrello.it\/ciapirrello\/wp-content\/uploads\/2021\/06\/finstralogo2.png?w=1060&#038;ssl=1\" alt='Finstral'><\/span><\/div><\/li><li class='item'><div class=\"carousel_item_holder\"><span class='first_image_holder has_hover_image'><img data-recalc-dims=\"1\" src=\"https:\/\/i0.wp.com\/ciapirrello.it\/ciapirrello\/wp-content\/uploads\/2020\/01\/defaveri.png?w=1060&#038;ssl=1\" alt='Defaveri'><\/span><span class='second_image_holder has_hover_image'><img data-recalc-dims=\"1\" src=\"https:\/\/i0.wp.com\/ciapirrello.it\/ciapirrello\/wp-content\/uploads\/2020\/01\/defaveri.png?w=1060&#038;ssl=1\" alt='Defaveri'><\/span><\/div><\/li><li class='item'><div class=\"carousel_item_holder\"><span class='first_image_holder has_hover_image'><img data-recalc-dims=\"1\" src=\"https:\/\/i0.wp.com\/ciapirrello.it\/ciapirrello\/wp-content\/uploads\/2020\/01\/Velux.png?w=1060&#038;ssl=1\" alt='Velux'><\/span><span class='second_image_holder has_hover_image'><img data-recalc-dims=\"1\" src=\"https:\/\/i0.wp.com\/ciapirrello.it\/ciapirrello\/wp-content\/uploads\/2020\/01\/Velux.png?w=1060&#038;ssl=1\" alt='Velux'><\/span><\/div><\/li><\/ul><\/div><\/div>[\/vc_column][\/vc_row]<\/p>\n<\/div>","protected":false},"excerpt":{"rendered":"<p>[vc_row row_type=&#8221;row&#8221; use_row_as_full_screen_section=&#8221;no&#8221; type=&#8221;full_width&#8221; text_align=&#8221;left&#8221; background_animation=&#8221;none&#8221; padding_top=&#8221;100&#8243; padding_bottom=&#8221;60&#8243; css_animation=&#8221;&#8221; background_color=&#8221;#ffffff&#8221;][vc_column][vc_row_inner row_type=&#8221;row&#8221; type=&#8221;grid&#8221; use_row_as_full_screen_section_slide=&#8221;no&#8221; text_align=&#8221;left&#8221; css_animation=&#8221;&#8221;][vc_column_inner width=&#8221;1\/2&#8243;][vc_single_image image=&#8221;22279&#8243; img_size=&#8221;full&#8221; qode_css_animation=&#8221;&#8221;][vc_separator type=&#8221;transparent&#8221; border_style=&#8221;&#8221; up=&#8221;40&#8243; down=&#8221;0&#8243;][\/vc_column_inner][vc_column_inner width=&#8221;1\/2&#8243;][vc_column_text] Finestre in legno e legno\/alluminio? [\/vc_column_text][vc_separator type=&#8221;transparent&#8221; border_style=&#8221;&#8221; up=&#8221;13&#8243; down=&#8221;0&#8243;][vc_column_text] Pavanello Serramenti [\/vc_column_text][vc_separator type=&#8221;transparent&#8221; border_style=&#8221;&#8221; up=&#8221;20&#8243; down=&#8221;0&#8243;][vc_column_text] Pavanello Serramenti si distingue&#8230;<\/p>\n","protected":false},"author":1,"featured_media":0,"parent":0,"menu_order":0,"comment_status":"open","ping_status":"open","template":"full_width.php","meta":{"footnotes":""},"class_list":["post-22269","page","type-page","status-publish","hentry"],"yoast_head":"<!-- This site is optimized with the Yoast SEO plugin v27.5 - https:\/\/yoast.com\/product\/yoast-seo-wordpress\/ -->\n<title>Cia Pirrello | Porte e finestre Finstral | Trapani - Gibellina<\/title>\n<meta name=\"description\" content=\"Infissi Finstral a Trapani e provincia ad alto isolamento termico e acustico. Posa in opera qualificata. Utilizzo del falso telaio termico!\" \/>\n<meta name=\"robots\" content=\"index, follow, max-snippet:-1, max-image-preview:large, max-video-preview:-1\" \/>\n<link rel=\"canonical\" href=\"https:\/\/ciapirrello.it\/ciapirrello\/finestre-e-portoni-finstral\/\" \/>\n<meta property=\"og:locale\" content=\"it_IT\" \/>\n<meta property=\"og:type\" content=\"article\" \/>\n<meta property=\"og:title\" content=\"Cia Pirrello | Porte e finestre Finstral | Trapani - Gibellina\" \/>\n<meta property=\"og:description\" content=\"Infissi Finstral a Trapani e provincia ad alto isolamento termico e acustico. Posa in opera qualificata. Utilizzo del falso telaio termico!\" \/>\n<meta property=\"og:url\" content=\"https:\/\/ciapirrello.it\/ciapirrello\/finestre-e-portoni-finstral\/\" \/>\n<meta property=\"og:site_name\" content=\"Cia Pirrello\" \/>\n<meta property=\"article:publisher\" content=\"https:\/\/www.facebook.com\/ciapirrello\" \/>\n<meta property=\"article:modified_time\" content=\"2026-03-11T11:29:35+00:00\" \/>\n<meta name=\"twitter:card\" content=\"summary_large_image\" \/>\n<meta name=\"twitter:label1\" content=\"Tempo di lettura stimato\" \/>\n\t<meta name=\"twitter:data1\" content=\"8 minuti\" \/>\n<!-- \/ Yoast SEO plugin. -->","yoast_head_json":{"title":"Cia Pirrello | Porte e finestre Finstral | Trapani - Gibellina","description":"Infissi Finstral a Trapani e provincia ad alto isolamento termico e acustico. Posa in opera qualificata. Utilizzo del falso telaio termico!","robots":{"index":"index","follow":"follow","max-snippet":"max-snippet:-1","max-image-preview":"max-image-preview:large","max-video-preview":"max-video-preview:-1"},"canonical":"https:\/\/ciapirrello.it\/ciapirrello\/finestre-e-portoni-finstral\/","og_locale":"it_IT","og_type":"article","og_title":"Cia Pirrello | Porte e finestre Finstral | Trapani - Gibellina","og_description":"Infissi Finstral a Trapani e provincia ad alto isolamento termico e acustico. Posa in opera qualificata. Utilizzo del falso telaio termico!","og_url":"https:\/\/ciapirrello.it\/ciapirrello\/finestre-e-portoni-finstral\/","og_site_name":"Cia Pirrello","article_publisher":"https:\/\/www.facebook.com\/ciapirrello","article_modified_time":"2026-03-11T11:29:35+00:00","twitter_card":"summary_large_image","twitter_misc":{"Tempo di lettura stimato":"8 minuti"},"schema":{"@context":"https:\/\/schema.org","@graph":[{"@type":"WebPage","@id":"https:\/\/ciapirrello.it\/ciapirrello\/finestre-e-portoni-finstral\/","url":"https:\/\/ciapirrello.it\/ciapirrello\/finestre-e-portoni-finstral\/","name":"Cia Pirrello | Porte e finestre Finstral | Trapani - Gibellina","isPartOf":{"@id":"https:\/\/ciapirrello.it\/ciapirrello\/#website"},"datePublished":"2020-01-04T07:43:06+00:00","dateModified":"2026-03-11T11:29:35+00:00","description":"Infissi Finstral a Trapani e provincia ad alto isolamento termico e acustico. Posa in opera qualificata. Utilizzo del falso telaio termico!","breadcrumb":{"@id":"https:\/\/ciapirrello.it\/ciapirrello\/finestre-e-portoni-finstral\/#breadcrumb"},"inLanguage":"it-IT","potentialAction":[{"@type":"ReadAction","target":["https:\/\/ciapirrello.it\/ciapirrello\/finestre-e-portoni-finstral\/"]}]},{"@type":"BreadcrumbList","@id":"https:\/\/ciapirrello.it\/ciapirrello\/finestre-e-portoni-finstral\/#breadcrumb","itemListElement":[{"@type":"ListItem","position":1,"name":"Home","item":"https:\/\/ciapirrello.it\/ciapirrello\/"},{"@type":"ListItem","position":2,"name":"Finestre e Portoni"}]},{"@type":"WebSite","@id":"https:\/\/ciapirrello.it\/ciapirrello\/#website","url":"https:\/\/ciapirrello.it\/ciapirrello\/","name":"Cia Pirrello","description":"L&#039;evolzione dell&#039;ambiente","potentialAction":[{"@type":"SearchAction","target":{"@type":"EntryPoint","urlTemplate":"https:\/\/ciapirrello.it\/ciapirrello\/?s={search_term_string}"},"query-input":{"@type":"PropertyValueSpecification","valueRequired":true,"valueName":"search_term_string"}}],"inLanguage":"it-IT"}]}},"jetpack-related-posts":[],"jetpack_sharing_enabled":true,"_links":{"self":[{"href":"https:\/\/ciapirrello.it\/ciapirrello\/wp-json\/wp\/v2\/pages\/22269","targetHints":{"allow":["GET"]}}],"collection":[{"href":"https:\/\/ciapirrello.it\/ciapirrello\/wp-json\/wp\/v2\/pages"}],"about":[{"href":"https:\/\/ciapirrello.it\/ciapirrello\/wp-json\/wp\/v2\/types\/page"}],"author":[{"embeddable":true,"href":"https:\/\/ciapirrello.it\/ciapirrello\/wp-json\/wp\/v2\/users\/1"}],"replies":[{"embeddable":true,"href":"https:\/\/ciapirrello.it\/ciapirrello\/wp-json\/wp\/v2\/comments?post=22269"}],"version-history":[{"count":55,"href":"https:\/\/ciapirrello.it\/ciapirrello\/wp-json\/wp\/v2\/pages\/22269\/revisions"}],"predecessor-version":[{"id":23924,"href":"https:\/\/ciapirrello.it\/ciapirrello\/wp-json\/wp\/v2\/pages\/22269\/revisions\/23924"}],"wp:attachment":[{"href":"https:\/\/ciapirrello.it\/ciapirrello\/wp-json\/wp\/v2\/media?parent=22269"}],"curies":[{"name":"wp","href":"https:\/\/api.w.org\/{rel}","templated":true}]}}